ue
Does 99 divide 631?
False
Is 3693 a multiple of 35?
False
Is 47 a factor of 23892?
False
Is 1380 a multiple of 5?
True
Does 45 divide 7533?
False
Is 12425 a multiple of 115?
False
Does 13 divide 1261?
True
Does 15 divide 5415?
True
Is 21 a factor of 27930?
True
Is 18 a factor of 30618?
True
Is 4 a factor of 16006?
False
Is 21 a factor of 479?
False
Does 13 divide 49348?
True
Is 9 a factor of 268?
False
Is 14 a factor of 189336?
True
Is 7781 a multiple of 3?
False
Does 23 divide 594?
False
Is 1764 a multiple of 14?
True
Does 11 divide 418?
True
Does 14 divide 30142?
True
Is 42 a factor of 1545?
False
Is 27531 a multiple of 180?
False
Does 127 divide 17376?
False
Does 14 divide 1476?
False
Does 165 divide 61875?
True
Is 154 a factor of 14741?
False
Is 1673 a multiple of 31?
False
Is 572 a multiple of 11?
True
Is 441 a multiple of 21?
True
Does 51 divide 510?
True
Does 24 divide 5272?
False
Is 5083 a multiple of 19?
False
Is 7005 a multiple of 3?
True
Does 14 divide 40423?
False
Is 1059 a multiple of 29?
False
Does 172 divide 11352?
True
Is 22 a factor of 773?
False
Does 10 divide 1807?
False
Does 71 divide 255?
False
Is 10 a factor of 12256?
False
Does 35 divide 1680?
True
Does 15 divide 1452?
False
Does 81 divide 17010?
True
Is 29401 a multiple of 120?
False
Does 15 divide 29160?
True
Does 64 divide 768?
True
Is 75 a factor of 21629?
False
Is 3005 a multiple of 5?
True
Does 25 divide 1311?
False
Does 8 divide 27544?
True
Is 33 a factor of 1650?
True
Is 25865 a multiple of 27?
False
Is 69147 a multiple of 197?
True
Is 3 a factor of 592?
False
Does 79 divide 8131?
False
Is 23 a factor of 2024?
True
Is 12766 a multiple of 3?
False
Is 12 a factor of 180?
True
Does 48 divide 1656?
False
Is 22 a factor of 579?
False
Is 40179 a multiple of 80?
False
Is 19002 a multiple of 50?
False
Is 341 a multiple of 7?
False
Does 4 divide 2377?
False
Is 1150 a multiple of 23?
True
Is 2532 a multiple of 65?
False
Does 3 divide 489?
True
Does 86 divide 8436?
False
Is 6006 a multiple of 45?
False
Is 28 a factor of 672?
True
Is 1116 a multiple of 36?
True
Is 6 a factor of 475?
False
Is 39280 a multiple of 16?
True
Does 45 divide 17865?
True
Does 13 divide 1547?
True
Does 17 divide 510?
True
Is 3080 a multiple of 70?
True
Is 124 a factor of 23095?
False
Is 349 even?
False
Is 2979 a multiple of 7?
False
Is 11700 a multiple of 15?
True
Is 4190 a multiple of 12?
False
Is 363 a multiple of 18?
False
Is 10042 a multiple of 33?
False
Does 19 divide 96787?
False
Is 3 a factor of 2097?
True
Is 16 a factor of 6816?
True
Does 2 divide 484?
True
Is 5 a factor of 374?
False
Is 60 a factor of 34080?
True
Is 8 a factor of 1160?
True
Does 3 divide 871?
False
Is 4631 a multiple of 74?
False
Is 30345 a multiple of 85?
True
Is 10 a factor of 108034?
False
Is 16 a factor of 612?
False
Does 7 divide 357?
True
Does 9 divide 64?
False
Is 661 a multiple of 7?
False
Is 73 a factor of 1314?
True
Does 5 divide 1410?
True
Is 11 a factor of 2508?
True
Is 7467 a multiple of 134?
False
Does 233 divide 4838?
False
Is 57731 a multiple of 31?
False
Is 118 a multiple of 59?
True
Is 3240 even?
True
Is 13035 a multiple of 79?
True
Does 72 divide 2739?
False
Is 45 a factor of 157115?
False
Is 3452 a multiple of 17?
False
Is 8 a factor of 819?
False
Is 8 a factor of 216?
True
Is 5103 a multiple of 38?
False
Is 26 a factor of 1304?
False
Does 255 divide 50235?
True
Does 3 divide 82?
False
Is 18 a factor of 7470?
True
Is 450 a multiple of 25?
True
Is 24451 a multiple of 10?
False
Is 12 a factor of 128?
False
Is 38 a factor of 13921?
False
Is 10 a factor of 10590?
True
Is 2634 a multiple of 11?
False
Does 92 divide 24536?
False
Is 8722 a multiple of 14?
True
Does 17 divide 5079?
False
Does 136 divide 8033?
False
Is 67 a multiple of 8?
False
Is 2 a factor of 182?
True
Is 20 a factor of 48?
False
Is 2197 a multiple of 13?
True
Is 114420 a multiple of 15?
True
Is 849 a multiple of 46?
False
Is 557 a multiple of 13?
False
Is 2515 a multiple of 37?
False
Is 213 a factor of 24451?
False
Is 18630 a multiple of 368?
False
Is 1217 a multiple of 10?
False
Is 38 a factor of 7106?
True
Is 22 a factor of 445?
False
Is 26 a factor of 4372?
False
Is 13 a factor of 2562?
False
Is 35 a factor of 1048?
False
Is 8298 a multiple of 3?
True
Is 2707 a multiple of 40?
False
Is 18 a factor of 1494?
True
Is 360 a multiple of 10?
True
Does 89 divide 11036?
True
Is 54 a multiple of 3?
True
Is 10 a factor of 3030?
True
Does 14 divide 56?
True
Is 2246 a multiple of 22?
False
Does 3 divide 204?
True
Does 8 divide 144?
True
Is 58 a factor of 378?
False
Is 32 a factor of 4480?
True
Does 16 divide 8098?
False
Is 2177 a multiple of 20?
False
Does 15 divide 6270?
True
Is 72 a factor of 7367?
False
Is 4 a factor of 2325?
False
Does 70 divide 490?
True
Is 25795 a multiple of 8?
False
Is 736 a multiple of 46?
True
Is 24286 a multiple of 6?
False
Is 1275 a multiple of 85?
True
Does 165 divide 34485?
True
Does 27 divide 971?
False
Does 235 divide 8569?
False
Is 7 a factor of 28931?
True
Does 3 divide 342?
True
Is 37 a factor of 30411?
False
Does 15 divide 6187?
False
Is 91 a multiple of 4?
False
Is 68 a factor of 33662?
False
Is 5614 a multiple of 16?
False
Is 5396 a multiple of 119?
False
Is 2288 a multiple of 50?
False
Is 35 a factor of 39550?
True
Does 11 divide 7095?
True
Does 14 divide 952?
True
Does 13 divide 2215?
False
Is 29 a factor of 22812?
False
Is 83944 a multiple of 28?
True
Does 4 divide 1760?
True
Is 10890 a multiple of 80?
False
Does 12 divide 275?
False
Is 702 a multiple of 27?
True
Is 2940 a multiple of 15?
True
Does 94 divide 22372?
True
Is 97 a factor of 6649?
False
Is 22 a factor of 462?
True
Is 983 a multiple of 12?
False
Does 73 divide 6673?
False
Is 132 a multiple of 33?
True
Is 9327 a multiple of 74?
False
Is 53 even?
False
Is 27172 a multiple of 68?
False
Does 24 divide 7543?
False
Is 23 a factor of 6716?
True
Is 6006 a multiple of 42?
True
Is 13566 a multiple of 238?
True
Is 24900 a multiple of 60?
True
Does 18 divide 50297?
False
Is 21 a factor of 2709?
True
Is 3122 a multiple of 11?
False
Is 168 a factor of 35784?
True
Is 40 a factor of 399?
False
Is 1680 a multiple of 31?
False
Does 29 divide 69107?
True
Does 15 divide 68?
False
Is 9 a factor of 9354?
False
Is 18 a factor of 5864?
False
Does 11 divide 154?
True
Is 76597 a multiple of 23?
False
Is 3198 a multiple of 39?
True
Is 2 a factor of 251?
False
Is 387 a multiple of 4?
False
Is 31 a factor of 2170?
True
Does 8 divide 2824?
True
Is 126 a factor of 756?
True
Is 6 a factor of 3679?
False
Does 13 divide 173?
False
Does 34 divide 306?
True
Is 7930 a multiple of 65?
True
Is 2970 a multiple of 45?
True
Is 1486 a multiple of 3?
False
Is 10 a factor of 72570?
True
Does 174 divide 40800?
False
Is 16415 a multiple of 35?
True
Does 15 divide 570?
True
Does 160 divide 6965?
False
Does 12 divide 803?
False
Does 8 divide 584?
True
Does 11 divide 3102?
True
Does 63 divide 6060?
False
Does 12 divide 5316?
True
Is 213 a multiple of 21?
False
Is 50 a factor of 1500?
True
Is 7 a factor of 483?
True
Does 89 divide 17826?
False
Is 24 a factor of 1632?
True
Is 34 a multiple of 34?
True
Does 76 divide 912?
True
Does 15 divide 60?
True
Is 4699 a multiple of 127?
True
Does 198 divide 64835?
False
Is 264 a multiple of 22?
True
Does 12 divide 558?
False
Does 8 divide 4472?
True
Does 52 divide 4466?
False
Does 25 divide 4175?
True
Does 11 divide 431?
False
Is 44 a factor of 1100?
True
Is 21 a factor of 768?
False
Does 14 divide 10864?
True
Does 8 divide 7383?
False
Is 17 a factor of 2159?
True
Is 1196 a multiple of 13?
True
Does 16 divide 898?
False
Does 46 divide 2254?
True
Is 30 a factor of 387?
False
Does 18 divide 4687?
False
Does 14 divide 5166?
True
Does 12 divide 252?
True
Is 10574 a multiple of 14?
False
Is 4775 a multiple of 7?
False
Does 37 divide 6408?
False
Does 7 divide 166?
False
Is 68 a factor of 3494?
False
Is 3841 a multiple of 23?
True
Is 935 a multiple of 10?
False
Does 4 divide 70?
False
Is 7 a factor of 17897?
False
Is 2 a factor of 4624?
True
Is 8 a factor of 1047?
False
Is 14656 a multiple of 4?
True
Does 3 divide 293?
False
Does 9 divide 4968?
True
Is 25530 a multiple of 15?
True
Is 70165 a multiple of 58?
False
Does 13 divide 546?
True
Is 2648 a multiple of 2